{"id":23,"date":"2013-11-08T10:36:20","date_gmt":"2013-11-08T09:36:20","guid":{"rendered":"http:\/\/www.la-laitonnerie.com\/blog\/?page_id=23"},"modified":"2019-10-21T13:54:23","modified_gmt":"2019-10-21T12:54:23","slug":"a-propos","status":"publish","type":"page","link":"https:\/\/www.la-laitonnerie.com\/blog\/a-propos\/","title":{"rendered":"Qui sommes nous ?"},"content":{"rendered":"<h3>Qui se cache derri\u00e8re ce blog ?<\/h3>\n<p>La Laitonnerie est un site e-commerce sp\u00e9cialis\u00e9e dans la vente en ligne de <a href=\"https:\/\/www.la-laitonnerie.com\/\">quincaillerie d\u00e9corative en laiton<\/a> et en bronze de haute qualit\u00e9.<\/p>\n<p>L&rsquo;entreprise poss\u00e8de une large gamme de produits de quincaillerie pour les professionnels de l&rsquo;ameublement, la d\u00e9coration d&rsquo;int\u00e9rieur, l&rsquo;\u00e9b\u00e9nisterie et la construction bois.<\/p>\n<h3><img loading=\"lazy\" decoding=\"async\" class=\"size-full wp-image-26 alignright\" style=\"font-size: 13px;\" src=\"https:\/\/www.la-laitonnerie.com\/blog\/wp-content\/uploads\/2013\/11\/fonderie_quincaillerie_laiton.jpg\" alt=\"fonderie_quincaillerie_laiton\" width=\"191\" height=\"167\" \/><\/h3>\n<p>Charni\u00e8res, paumelles, crochets, serrures, poign\u00e9es, grilles d&rsquo;a\u00e9ration, luminaires, hublots, lettres. Egalement des supports de main courante, compas, \u00e9querres, pontets, pitons, anneaux&#8230;<br \/>\nTant de produits, r\u00e9alis\u00e9s en laiton poli que propose notre entreprise.<\/p>\n<p>Cette enseigne de la soci\u00e9t\u00e9 \u00ab\u00a0Esprit Yachting\u00a0\u00bb est n\u00e9e \u00e0 La Rochelle en juillet 2012. Vous pouvez visiter son site web sp\u00e9cialis\u00e9 dans la quincaillerie de marine : <a title=\"site A l&#039;Abordage\" href=\"https:\/\/www.alabordage.fr\/\">www.alabordage.fr<\/a>.<\/p>\n<p>Ainsi elle exerce depuis 1992, et est devenu une r\u00e9f\u00e9rence en mati\u00e8re d&rsquo;accastillage et fournitures pour les bateaux en bois, souvent class\u00e9s monuments historiques. C&rsquo;est de l\u00e0 qu&rsquo;elle puise toute sa l\u00e9gitimit\u00e9 sur le march\u00e9 de la quincaillerie de style ancien.<\/p>\n<h3>Quelles sont les valeurs qui nous animent ?<\/h3>\n<p>L&rsquo;\u00e9quipe de La Laitonnerie met tout en oeuvre pour r\u00e9pondre rapidement et efficacement aux besoins de sa client\u00e8le en mati\u00e8re de quincaillerie laiton.<\/p>\n<p><img loading=\"lazy\" decoding=\"async\" class=\"size-medium wp-image-28 alignleft\" src=\"https:\/\/www.la-laitonnerie.com\/blog\/wp-content\/uploads\/2013\/11\/image_quincaillerie_laiton-300x190.jpg\" alt=\"image_quincaillerie_laiton\" width=\"300\" height=\"190\" srcset=\"https:\/\/www.la-laitonnerie.com\/blog\/wp-content\/uploads\/2013\/11\/image_quincaillerie_laiton-300x190.jpg 300w, https:\/\/www.la-laitonnerie.com\/blog\/wp-content\/uploads\/2013\/11\/image_quincaillerie_laiton.jpg 560w\" sizes=\"auto, (max-width: 300px) 100vw, 300px\" \/>Elle met \u00e9galement un point d&rsquo;honneur \u00e0 toujours offrir une qualit\u00e9 de service irr\u00e9prochable, \u00eatre \u00e0 l&rsquo;\u00e9coute, et satisfaire au mieux les clients.<\/p>\n<p>Ce blog permet de vous partager notre exp\u00e9rience et nos conseils techniques, mais \u00e9galement d&rsquo;en faire un lieu de partage.<\/p>\n","protected":false},"excerpt":{"rendered":"<p>Qui se cache derri\u00e8re ce blog ? La Laitonnerie est un site e-commerce sp\u00e9cialis\u00e9e dans la vente en ligne de quincaillerie d\u00e9corative en laiton et en bronze de haute qualit\u00e9. L&rsquo;entreprise poss\u00e8de une large gamme de produits de quincaillerie pour les professionnels de l&rsquo;ameublement, la d\u00e9coration d&rsquo;int\u00e9rieur, l&rsquo;\u00e9b\u00e9nisterie et la construction bois. Charni\u00e8res, paumelles, crochets, &hellip; <\/p>\n","protected":false},"author":1,"featured_media":0,"parent":0,"menu_order":0,"comment_status":"open","ping_status":"open","template":"","meta":{"_monsterinsights_skip_tracking":false,"_monsterinsights_sitenote_active":false,"_monsterinsights_sitenote_note":"","_monsterinsights_sitenote_category":0,"footnotes":""},"class_list":["post-23","page","type-page","status-publish","hentry"],"yoast_head":"<!-- This site is optimized with the Yoast SEO plugin v27.2 - https:\/\/yoast.com\/product\/yoast-seo-wordpress\/ -->\n<title>Qui sommes nous ? - La Laitonnerie<\/title>\n<meta name=\"description\" content=\"La Laitonnerie : D\u00e9couvrez sur notre Blog toute notre actualit\u00e9 avec notre dernier article Qui sommes nous ?\" \/>\n<meta name=\"robots\" content=\"index, follow, max-snippet:-1, max-image-preview:large, max-video-preview:-1\" \/>\n<link rel=\"canonical\" href=\"https:\/\/www.la-laitonnerie.com\/blog\/a-propos\/\" \/>\n<meta property=\"og:locale\" content=\"fr_FR\" \/>\n<meta property=\"og:type\" content=\"article\" \/>\n<meta property=\"og:title\" content=\"Qui sommes nous ? - La Laitonnerie\" \/>\n<meta property=\"og:description\" content=\"La Laitonnerie : D\u00e9couvrez sur notre Blog toute notre actualit\u00e9 avec notre dernier article Qui sommes nous ?\" \/>\n<meta property=\"og:url\" content=\"https:\/\/www.la-laitonnerie.com\/blog\/a-propos\/\" \/>\n<meta property=\"og:site_name\" content=\"La Laitonnerie\" \/>\n<meta property=\"article:publisher\" content=\"https:\/\/www.facebook.com\/laitonnerie17\/\" \/>\n<meta property=\"article:modified_time\" content=\"2019-10-21T12:54:23+00:00\" \/>\n<meta property=\"og:image\" content=\"https:\/\/www.la-laitonnerie.com\/blog\/wp-content\/uploads\/2013\/11\/fonderie_quincaillerie_laiton.jpg\" \/>\n<meta name=\"twitter:label1\" content=\"Dur\u00e9e de lecture estim\u00e9e\" \/>\n\t<meta name=\"twitter:data1\" content=\"1 minute\" \/>\n<script type=\"application\/ld+json\" class=\"yoast-schema-graph\">{\"@context\":\"https:\/\/schema.org\",\"@graph\":[{\"@type\":[\"WebPage\",\"CollectionPage\"],\"@id\":\"https:\/\/www.la-laitonnerie.com\/blog\/a-propos\/\",\"url\":\"https:\/\/www.la-laitonnerie.com\/blog\/a-propos\/\",\"name\":\"Qui sommes nous ? - La Laitonnerie\",\"isPartOf\":{\"@id\":\"https:\/\/www.la-laitonnerie.com\/blog\/#website\"},\"primaryImageOfPage\":{\"@id\":\"https:\/\/www.la-laitonnerie.com\/blog\/a-propos\/#primaryimage\"},\"image\":{\"@id\":\"https:\/\/www.la-laitonnerie.com\/blog\/a-propos\/#primaryimage\"},\"thumbnailUrl\":\"https:\/\/www.la-laitonnerie.com\/blog\/wp-content\/uploads\/2013\/11\/fonderie_quincaillerie_laiton.jpg\",\"datePublished\":\"2013-11-08T09:36:20+00:00\",\"dateModified\":\"2019-10-21T12:54:23+00:00\",\"description\":\"La Laitonnerie : D\u00e9couvrez sur notre Blog toute notre actualit\u00e9 avec notre dernier article Qui sommes nous ?\",\"breadcrumb\":{\"@id\":\"https:\/\/www.la-laitonnerie.com\/blog\/a-propos\/#breadcrumb\"},\"inLanguage\":\"fr-FR\"},{\"@type\":\"ImageObject\",\"inLanguage\":\"fr-FR\",\"@id\":\"https:\/\/www.la-laitonnerie.com\/blog\/a-propos\/#primaryimage\",\"url\":\"https:\/\/www.la-laitonnerie.com\/blog\/wp-content\/uploads\/2013\/11\/fonderie_quincaillerie_laiton.jpg\",\"contentUrl\":\"https:\/\/www.la-laitonnerie.com\/blog\/wp-content\/uploads\/2013\/11\/fonderie_quincaillerie_laiton.jpg\",\"width\":191,\"height\":167},{\"@type\":\"BreadcrumbList\",\"@id\":\"https:\/\/www.la-laitonnerie.com\/blog\/a-propos\/#breadcrumb\",\"itemListElement\":[{\"@type\":\"ListItem\",\"position\":1,\"name\":\"Accueil\",\"item\":\"https:\/\/www.la-laitonnerie.com\/blog\/\"},{\"@type\":\"ListItem\",\"position\":2,\"name\":\"Qui sommes nous ?\"}]},{\"@type\":\"WebSite\",\"@id\":\"https:\/\/www.la-laitonnerie.com\/blog\/#website\",\"url\":\"https:\/\/www.la-laitonnerie.com\/blog\/\",\"name\":\"La Laitonnerie\",\"description\":\"Le blog de la quincaillerie laiton - Tout ce qu&#039;il faut savoir sur le laiton.\",\"publisher\":{\"@id\":\"https:\/\/www.la-laitonnerie.com\/blog\/#organization\"},\"potentialAction\":[{\"@type\":\"SearchAction\",\"target\":{\"@type\":\"EntryPoint\",\"urlTemplate\":\"https:\/\/www.la-laitonnerie.com\/blog\/?s={search_term_string}\"},\"query-input\":{\"@type\":\"PropertyValueSpecification\",\"valueRequired\":true,\"valueName\":\"search_term_string\"}}],\"inLanguage\":\"fr-FR\"},{\"@type\":\"Organization\",\"@id\":\"https:\/\/www.la-laitonnerie.com\/blog\/#organization\",\"name\":\"La Laitonnerie\",\"url\":\"https:\/\/www.la-laitonnerie.com\/blog\/\",\"logo\":{\"@type\":\"ImageObject\",\"inLanguage\":\"fr-FR\",\"@id\":\"https:\/\/www.la-laitonnerie.com\/blog\/#\/schema\/logo\/image\/\",\"url\":\"https:\/\/www.la-laitonnerie.com\/blog\/wp-content\/uploads\/2013\/11\/logo1-e1393511678814.jpg\",\"contentUrl\":\"https:\/\/www.la-laitonnerie.com\/blog\/wp-content\/uploads\/2013\/11\/logo1-e1393511678814.jpg\",\"width\":250,\"height\":105,\"caption\":\"La Laitonnerie\"},\"image\":{\"@id\":\"https:\/\/www.la-laitonnerie.com\/blog\/#\/schema\/logo\/image\/\"},\"sameAs\":[\"https:\/\/www.facebook.com\/laitonnerie17\/\",\"https:\/\/www.pinterest.fr\/lalaitonnerie\/\"]}]}<\/script>\n<!-- \/ Yoast SEO plugin. -->","yoast_head_json":{"title":"Qui sommes nous ? - La Laitonnerie","description":"La Laitonnerie : D\u00e9couvrez sur notre Blog toute notre actualit\u00e9 avec notre dernier article Qui sommes nous ?","robots":{"index":"index","follow":"follow","max-snippet":"max-snippet:-1","max-image-preview":"max-image-preview:large","max-video-preview":"max-video-preview:-1"},"canonical":"https:\/\/www.la-laitonnerie.com\/blog\/a-propos\/","og_locale":"fr_FR","og_type":"article","og_title":"Qui sommes nous ? - La Laitonnerie","og_description":"La Laitonnerie : D\u00e9couvrez sur notre Blog toute notre actualit\u00e9 avec notre dernier article Qui sommes nous ?","og_url":"https:\/\/www.la-laitonnerie.com\/blog\/a-propos\/","og_site_name":"La Laitonnerie","article_publisher":"https:\/\/www.facebook.com\/laitonnerie17\/","article_modified_time":"2019-10-21T12:54:23+00:00","og_image":[{"url":"https:\/\/www.la-laitonnerie.com\/blog\/wp-content\/uploads\/2013\/11\/fonderie_quincaillerie_laiton.jpg","type":"","width":"","height":""}],"twitter_misc":{"Dur\u00e9e de lecture estim\u00e9e":"1 minute"},"schema":{"@context":"https:\/\/schema.org","@graph":[{"@type":["WebPage","CollectionPage"],"@id":"https:\/\/www.la-laitonnerie.com\/blog\/a-propos\/","url":"https:\/\/www.la-laitonnerie.com\/blog\/a-propos\/","name":"Qui sommes nous ? - La Laitonnerie","isPartOf":{"@id":"https:\/\/www.la-laitonnerie.com\/blog\/#website"},"primaryImageOfPage":{"@id":"https:\/\/www.la-laitonnerie.com\/blog\/a-propos\/#primaryimage"},"image":{"@id":"https:\/\/www.la-laitonnerie.com\/blog\/a-propos\/#primaryimage"},"thumbnailUrl":"https:\/\/www.la-laitonnerie.com\/blog\/wp-content\/uploads\/2013\/11\/fonderie_quincaillerie_laiton.jpg","datePublished":"2013-11-08T09:36:20+00:00","dateModified":"2019-10-21T12:54:23+00:00","description":"La Laitonnerie : D\u00e9couvrez sur notre Blog toute notre actualit\u00e9 avec notre dernier article Qui sommes nous ?","breadcrumb":{"@id":"https:\/\/www.la-laitonnerie.com\/blog\/a-propos\/#breadcrumb"},"inLanguage":"fr-FR"},{"@type":"ImageObject","inLanguage":"fr-FR","@id":"https:\/\/www.la-laitonnerie.com\/blog\/a-propos\/#primaryimage","url":"https:\/\/www.la-laitonnerie.com\/blog\/wp-content\/uploads\/2013\/11\/fonderie_quincaillerie_laiton.jpg","contentUrl":"https:\/\/www.la-laitonnerie.com\/blog\/wp-content\/uploads\/2013\/11\/fonderie_quincaillerie_laiton.jpg","width":191,"height":167},{"@type":"BreadcrumbList","@id":"https:\/\/www.la-laitonnerie.com\/blog\/a-propos\/#breadcrumb","itemListElement":[{"@type":"ListItem","position":1,"name":"Accueil","item":"https:\/\/www.la-laitonnerie.com\/blog\/"},{"@type":"ListItem","position":2,"name":"Qui sommes nous ?"}]},{"@type":"WebSite","@id":"https:\/\/www.la-laitonnerie.com\/blog\/#website","url":"https:\/\/www.la-laitonnerie.com\/blog\/","name":"La Laitonnerie","description":"Le blog de la quincaillerie laiton - Tout ce qu&#039;il faut savoir sur le laiton.","publisher":{"@id":"https:\/\/www.la-laitonnerie.com\/blog\/#organization"},"potentialAction":[{"@type":"SearchAction","target":{"@type":"EntryPoint","urlTemplate":"https:\/\/www.la-laitonnerie.com\/blog\/?s={search_term_string}"},"query-input":{"@type":"PropertyValueSpecification","valueRequired":true,"valueName":"search_term_string"}}],"inLanguage":"fr-FR"},{"@type":"Organization","@id":"https:\/\/www.la-laitonnerie.com\/blog\/#organization","name":"La Laitonnerie","url":"https:\/\/www.la-laitonnerie.com\/blog\/","logo":{"@type":"ImageObject","inLanguage":"fr-FR","@id":"https:\/\/www.la-laitonnerie.com\/blog\/#\/schema\/logo\/image\/","url":"https:\/\/www.la-laitonnerie.com\/blog\/wp-content\/uploads\/2013\/11\/logo1-e1393511678814.jpg","contentUrl":"https:\/\/www.la-laitonnerie.com\/blog\/wp-content\/uploads\/2013\/11\/logo1-e1393511678814.jpg","width":250,"height":105,"caption":"La Laitonnerie"},"image":{"@id":"https:\/\/www.la-laitonnerie.com\/blog\/#\/schema\/logo\/image\/"},"sameAs":["https:\/\/www.facebook.com\/laitonnerie17\/","https:\/\/www.pinterest.fr\/lalaitonnerie\/"]}]}},"_links":{"self":[{"href":"https:\/\/www.la-laitonnerie.com\/blog\/wp-json\/wp\/v2\/pages\/23","targetHints":{"allow":["GET"]}}],"collection":[{"href":"https:\/\/www.la-laitonnerie.com\/blog\/wp-json\/wp\/v2\/pages"}],"about":[{"href":"https:\/\/www.la-laitonnerie.com\/blog\/wp-json\/wp\/v2\/types\/page"}],"author":[{"embeddable":true,"href":"https:\/\/www.la-laitonnerie.com\/blog\/wp-json\/wp\/v2\/users\/1"}],"replies":[{"embeddable":true,"href":"https:\/\/www.la-laitonnerie.com\/blog\/wp-json\/wp\/v2\/comments?post=23"}],"version-history":[{"count":19,"href":"https:\/\/www.la-laitonnerie.com\/blog\/wp-json\/wp\/v2\/pages\/23\/revisions"}],"predecessor-version":[{"id":499,"href":"https:\/\/www.la-laitonnerie.com\/blog\/wp-json\/wp\/v2\/pages\/23\/revisions\/499"}],"wp:attachment":[{"href":"https:\/\/www.la-laitonnerie.com\/blog\/wp-json\/wp\/v2\/media?parent=23"}],"curies":[{"name":"wp","href":"https:\/\/api.w.org\/{rel}","templated":true}]}}